3 = -7*c + 365. What is the remainder when t is divided by 460?
37
Let m(h) = 3*h**2 + h + 25. Calculate the remainder when 2624 is divided by m(5).
104
Suppose 3*n + 12215 = 4*s + 34386, -3*n + s + 22168 = 0. What is the remainder when n is divided by 264?
261
Calculate the remainder when (11/(-1) - -139) + 3/(-1) is divided by 18.
17
Let z = -21203 + 21346. What is the remainder when 295 is divided by z?
9
Suppose 0 = -0*m - 2*m + 4. Suppose 3*s + d = 3*d - m, -1 = -5*s - d. Suppose -4*g + 30 - 18 = s. Calculate the remainder when 7 is divided by g.
1
Let y(x) = -36*x + 117. Let c be y(3). Calculate the remainder when 2 is divided by (12/c)/(60/45).
0
Let a(j) = -2*j**3 + 66*j**2 + 4*j - 92. Calculate the remainder when 377 is divided by a(33).
17
Let h be (2 + 4)*3 - (0 + 5). Suppose 640 = h*v + 7*v. Suppose i = 2*i - 6. Calculate the remainder when v is divided by i.
2
Let m = -853 + 1201. Suppose -5*s = -m + 28. Calculate the remainder when s is divided by 27.
10
What is the remainder when 2153 is divided by (-264)/(-7 - -4) - (-34 + 42)?
73
Suppose 0 = 4*n - 5*n + 92. Let s = n + 49. What is the remainder when s is divided by 13?
11
Suppose 143 + 109 = 4*c. Suppose 2*d = -3*h + 77, 5*d - 38 + 78 = 0. What is the remainder when c is divided by h?
1
Let v be ((-10)/3)/(-5*(-6)/135). Let o = 12 + v. What is the remainder when o*(-4)/(-30) + (-264)/(-10) is divided by 14?
12
Suppose -82 = 6*y - 70. What is the remainder when 95 is divided by -49*(1 - 4 - y)?
46
Let v = -9397 + 10088. Calculate the remainder when v is divided by 120.
91
Let c be (-4 + 3)/(6 - 7). Let b be (c - -1 - 2)*(-2 - -1). Let y(d) = 4*d + 12. Calculate the remainder when y(b) is divided by 3.
0
Let x(b) = -26*b - 5. Let i be x(5). Let y = i - -285. Calculate the remainder when 33 is divided by 25/y + (-53)/(-6).
6
Let d(i) = i**2 + 26*i + 181. Let v(f) = f**2 - 19*f - 39. Let w be v(20). Calculate the remainder when 280 is divided by d(w).
40
Let f(l) = l**3 + 33*l**2 + 83*l + 132. Calculate the remainder when f(-30) is divided by 86.
84
Let u(v) be the second derivative of -3*v**5/20 + 5*v**4/3 - v**3/6 - 8*v**2 - 79*v. What is the remainder when 196 is divided by u(6)?
46
Let j = 47 + -31. Suppose 0 = 4*w - j, 4*l + 6*w - 616 = w. Suppose 0 = 2*n - n + 4*s - l, -n + 3*s + 184 = 0. Calculate the remainder when n is divided by 43.
40
Calculate the remainder when 823 is divided by 70/4 - 199/398.
7
What is the remainder when 218 is divided by (-19 - (-20)/1) + (5*11 - 1)?
53
Suppose -290312 = 21112*n - 21156*n. What is the remainder when n is divided by 23?
20
Suppose 11*a = -5 - 6. Let p be (a - 14)/(2/(-4)). Suppose -135 = -35*b + p*b. Calculate the remainder when 134 is divided by b.
26
Suppose g = -2*g + 144. Let v = 51223 - 50745. Calculate the remainder when v is divided by g.
46
Let m be (-20)/(-2 + -2) - -3. Suppose 3*s - 52 = m. Suppose s*o + 366 = 26*o. Calculate the remainder when o is divided by 16.
13
Let j be -161 + (12/(-60))/((-2)/(-10)). Let a = -11 + 18. Calculate the remainder when a is divided by ((-5)/6)/(27/j).
2
Let k(u) = -347*u - 4002. What is the remainder when k(-12) is divided by 33?
30
Let j = 658 + -279. Suppose -125 - j = -24*s. What is the remainder when 690 is divided by s?
18
Let a = 1556 - 1496. Let c(o) = 2*o**2 + 16*o + 12. What is the remainder when c(4) is divided by a?
48
Let a(x) = -3*x - 4. Suppose -6*d + 155 = -d. Suppose 2*r + 4*i + 20 = 0, -5*i - d - 9 = 5*r. Calculate the remainder when 49 is divided by a(r).
7
Let c(a) = -9*a + 5. Let r be c(7). Let b = r + 76. Calculate the remainder when 51 is divided by b.
15
Let w(f) = f**2 + 14*f + 4. Let j be w(-7). Let d = -42 - j. Suppose 4*k = -4*t + 388, d*t - t = -3*k + 199. What is the remainder when t is divided by 47?
45
Let l(v) = -56*v. Let d = 41054 - 40969. What is the remainder when l(-6) is divided by d?
81
What is the remainder when 281 is divided by (572/19 - 16/152)*(-5)/(-2)?
56
Let x = 435 + -245. Suppose -2*q + 51 = -3*a, 4*a - 88 = 9*q - 270. What is the remainder when x is divided by q?
10
Let z(g) = 2*g**2 + 97*g - 295. What is the remainder when 97 is divided by z(3)?
13
Let k = 8866 - 8826. Calculate the remainder when ((-3)/(-6))/(1/154) is divided by k.
37
Let t(g) = 18*g**3 - 3*g**2 + 5*g - 5. Calculate the remainder when 276 is divided by t(2).
2
Suppose 0 = 4*x + g + 2*g - 35, -4*x - 5*g = -37. Let l be 2 - (x - 3) - -4. Let n = 21 + l. What is the remainder when n is divided by 6?
4
Calculate the remainder when 121 is divided by (-1)/((((-105)/(-56))/(-15))/1).
1
Let u(a) = a**2 - 16*a + 57. Let k be u(5). Suppose -5*t + 35 = k*o, 5*o - 8*t + 11*t = 135. What is the remainder when 268 is divided by o?
28
Suppose -5*r = 3*w - 827, 652 + 105 = 3*w - 5*r. What is the remainder when w is divided by 8?
0
Suppose -59*d = -51*d - 72. Suppose k - 4 = d. Suppose 88 = 4*j - 5*r - 12, 0 = -r. What is the remainder when j is divided by k?
12
Let k(g) be the first derivative of -22*g**2 - 259*g + 164. What is the remainder when 56 is divided by k(-7)?
7
Suppose 16 = -b - 2*x + 50, -b + 49 = 5*x. What is the remainder when b is divided by 16?
8
Let t(d) = -7*d - 62. Suppose -3*s = n + 21, -s = n + 14 + 1. What is the remainder when 67 is divided by t(n)?
1
Suppose -8*z - 436 = -148. Let x = z - -75. Calculate the remainder when 115 is divided by x.
37
Let z be (3 - (2 + 3)) + -301. Let r = -251 - z. Suppose 0 = -g + 6*g - 90. What is the remainder when r is divided by g?
16
Suppose 3*t - 5*y - 960 = 0, -2*y - 1266 = -11*t + 7*t. Calculate the remainder when t is divided by 57.
30
Calculate the remainder when 581/6 - 6/(-36) is divided by 4 + (-3)/((-6)/10).
7
Let f(i) = 69*i**2 - 12*i - 7. What is the remainder when 3994 is divided by f(-1)?
72
Suppose 11374 = 202*m + 315*m. Suppose 3*u = -3*n + 15, -5*n + 3*u - 1 = -2. Suppose 2*o = -n*o + 12. What is the remainder when m is divided by o?
1
Suppose -14*p + 31057 = 3*p + 6951. What is the remainder when p is divided by 141?
8
Suppose -5*y + 22 = 57. Let l(v) = 2*v**2 + 11*v - 8. What is the remainder when 9/54 - (-610)/12 is divided by l(y)?
12
Let t(j) = 183*j - 3967. What is the remainder when 498 is divided by t(22)?
26
Suppose -g = -5*o + 826 + 609, -2*o - 5*g + 547 = 0. Suppose -p - 4*s - 136 = -4*p, 42 = p - 3*s. Calculate the remainder when o is divided by p.
46
Let k(m) = 6*m + 54. Let n be k(-15). Let t = n - -51. Calculate the remainder when 56 is divided by t.
11
Let j(o) = -36*o - 34. Let u be j(2). Let y = u + 207. What is the remainder when y is divided by 28?
17
Let v = -13 - -115. Suppose -w + 10 + 94 = 0. Suppose 0 = 4*x + 2*h - w, -x = 3*x + h - v. What is the remainder when 48 is divided by x?
23
Let g(q) = -q**2 + 57*q - 238. Let l be g(47). Suppose 227*v = 219*v + l. Calculate the remainder when 85 is divided by v.
27
Let f(k) = 4*k + 207. Let d be f(-52). Suppose z = 5*g - z - 220, -3*g - 4*z = -106. Calculate the remainder when g is divided by 12*6/(-8)*d.
6
Let n(m) = 3*m - 10. Let o be n(7). Let i = o + -5. Calculate the remainder when ((-210)/20)/(2*3/(-12)) is divided by i.
3
Suppose r + 0 = 20. Suppose -38 = -w - 3*o, -2*w = -3*o - 1022 + 1054. What is the remainder when r is divided by w?
0
Let n be (224/64)/(1/14). Let l = 74 - n. Calculate the remainder when l is divided by 13.
12
Suppose -1 = 2*s - 5. Suppose -s*u = -11 - 31. Calculate the remainder when u is divided by 4/(-6)*(40 - 49).
3
Let j = -714 - -716. Suppose -j*a - o = -92, 3*o = 4*a + 7*o - 192. What is the remainder when 171 is divided by a?
39
Let g(p) = 83*p**2 + 2*p - 4. What is the remainder when g(1) is divided by ((0 - 0) + -102)/(8/(-4))?
30
Suppose 105*t + 572 = 59*t + 57*t. Calculate the remainder when 6861 is divided by t.
49
Suppose 0*m + 2*m = -2*a + 798, m - 403 = 3*a. Suppose m + 1255 = 5*u. Calculate the remainder when u is divided by 67.
63
Let a(w) = -w**3 - 6*w**2 - 36*w - 144. Calculate the remainder when 71 is divided by a(-5).
5
Let s(z) = -z**2 + 79*z - 1243. Calculate the remainder when (0 - -29)/(-1 + 2) is divided by s(22).
7
Let v = 1545 - 1457. Calculate the remainder when v is divided by 24.
16
Let w be (-1)/(6/(-52)*(-22)/(-33)). Suppose 0 = 5*o - w - 87. Let l(b) = -5*b + 4. What is the rem